
Let q(g) be the second derivative of -g**3/6 + 8*g**2 + 7*g. Let i be q(-8). Let f be (-6 + 7)/((-2)/(-16)). Calculate the highest common factor of f and i.
8
Suppose 3*m - 60 = 4*n + 216, 3*m = 3*n + 276. What is the greatest common divisor of m and 138?
46
Let r = -1036 + 1046. What is the highest common factor of 1280 and r?
10
Let n(j) = -j**2 - 8*j. Let z(p) = -p**2 - p + 13. Let k be z(0). Let y be 10/65 + (-93)/k. Let o be n(y). Calculate the highest common factor of 28 and o.
7
Let j(h) = -5*h + 59. Let o be j(-5). Suppose 3*l + 3*n - 9 = 0, 0*l = 2*l - 4*n + 6. Suppose l = -2*w + 25. What is the highest common divisor of w and o?
12
Suppose 174 = -13*k + 15*k. What is the greatest common factor of k and 145?
29
Let c(v) be the third derivative of -v**5/60 - v**4/2 - v**3 + 9*v**2. Let f be c(-10). What is the highest common factor of f and 140?
14
Suppose -28*a + 1006 = -2. What is the greatest common factor of a and 12?
12
Let x = 37 - 22. Let p(c) = c**3 - c**2 + c - 6. Let l be p(3). Suppose l + 15 = 5*t. What is the highest common divisor of x and t?
3
Let t = 2 + 1. Suppose 0*f + f = 4*g + 20, 0 = 3*f + t*g. Suppose -z + r = -2 + 1, 23 = 5*z + f*r. Calculate the highest common divisor of z and 3.
3
Let g(a) = 5*a**2 - 12*a + 4. Let l be g(2). Let o = 2 + 4. Suppose -o*n + 192 = -l*n. What is the highest common factor of n and 80?
16
Let v be (1 - -1) + (0 - -1). Suppose 2*w + 3*m = 19, v + 3 = w + 5*m. Let y be (2/2)/(0 - -1). Calculate the highest common factor of w and y.
1
Suppose -c + 2*u + 42 = c, 1 = -u. Let y = 101 - 51. What is the highest common divisor of c and y?
10
Suppose 5*v = 4*z + 4*z + 180, -4*v + 3*z = -127. Calculate the greatest common factor of 28 and v.
28
Let d be ((-13)/4)/(-1 + (-133)/(-140)). What is the highest common factor of d and 39?
13
Let h = 935 + -879. What is the highest common factor of 182 and h?
14
Let s(g) = -67*g + 473. Let c be s(5). What is the greatest common factor of c and 1311?
69
Let w = 580 + -148. What is the highest common factor of w and 54?
54
Suppose 5*x - 153 = v + 131, v - 220 = -4*x. What is the greatest common factor of x and 224?
56
Suppose -1291*o = -1298*o + 77. Let n = 11 + -7. Suppose -g - n*g = -440. What is the highest common factor of g and o?
11
Let h = -5 + 5. Suppose 2*b = -2*b - 4*o + 196, 2*b - 2*o - 94 = h. Let t(z) = z**3 - 3*z**2 + 2*z. Let v be t(3). What is the highest common factor of v and b?
6
Suppose v + 72 = 4*m - 8, -3*v = -3*m + 60. What is the highest common divisor of 90 and m?
10
Let k(u) = 9*u + 80. Let c be k(-6). Suppose 4*w = 2*n - 92, 4*n = -n - 5*w + 275. Calculate the highest common factor of c and n.
26
Let q = 1353 + -1047. Calculate the greatest common divisor of q and 54.
18
Suppose -q + 4*n - 8*n = -594, -3*q + 1734 = -4*n. Let m = -406 + q. What is the highest common divisor of 16 and m?
16
Let o = -31 - -28. Let a be (-2)/o*243/2. Calculate the highest common divisor of 27 and a.
27
Suppose 4*c + c - 678 = 3*d, d - 539 = -4*c. Calculate the greatest common factor of c and 30.
15
Let l = -111 - -345. Suppose -4*g - 94 = -3*u, -5*g = 14*u - 17*u + 98. What is the highest common factor of u and l?
26
Let c be 3/2*(-2 + 40). Let z be (-2 + -182)/(-8) + 4/(-1). Calculate the highest common divisor of z and c.
19
Let m(u) = 2*u**3 - 9*u**2 + 9*u - 6. Let f be m(7). Suppose -j + r + 34 = -67, -3*j = -4*r - f. What is the greatest common factor of 255 and j?
51
Suppose 596 - 182 = v. What is the highest common factor of 46 and v?
46
Let r be (20/24*-2)/((-4)/12). Suppose -r*h = 25, -4*h - h + 375 = 2*j. Calculate the highest common divisor of j and 25.
25
Let g be 4/(-6)*(-15)/10. Let n be 8 + 9/(-3) + g. What is the highest common factor of n and 30?
6
Let j be 99 - (6/3 + -1). Let x be 0 - 1 - 12/(-2). Let f = x + 9. Calculate the highest common divisor of j and f.
14
Let r(x) = 263*x**3 + 4*x**2 - 1. Let b be r(1). What is the highest common divisor of b and 38?
38
Suppose -5*s + 4*d + 434 - 80 = 0, -1 = d. What is the greatest common divisor of s and 56?
14
Suppose -238*y + 229*y = -306. Calculate the greatest common divisor of y and 3638.
34
Let j be ((-2)/4)/(8/32). Let s be (44/j)/(5/20*-2). What is the greatest common factor of s and 88?
44
Let q = -64 + 113. Suppose 25 = 3*z - 2*p + 60, q = -4*z + 5*p. Let c be (3 - z/2)*10. Calculate the greatest common divisor of 34 and c.
17
Suppose 4*j - 252 = 3*k, 5*j - 5*k - 61 - 254 = 0. What is the highest common divisor of 225 and j?
9
Suppose z = 3*t + 133, -2*z + 0*t = t - 301. Suppose -3*i = 31 - z. What is the highest common divisor of i and 13?
13
Suppose 4*y = -5*t + 2267, -2*y + 463 = t - 6*y. Calculate the greatest common factor of t and 35.
35
Let l(u) = u - 18. Let y be l(12). Let p be 1/(1 + 5/y). Let n(f) = 3*f**2 - 9*f + 9. Let m be n(p). What is the highest common factor of m and 21?
21
Let w be 38/(-133) - (-12384)/28. What is the highest common factor of w and 52?
26
Let y = 346 - 139. Let g be (1 + 0)*(-10 + 33). Calculate the greatest common divisor of y and g.
23
Let w(j) = 106*j - 92. Let f be w(1). Suppose 4*x - 3*x = 14. What is the highest common divisor of f and x?
14
Let r be (-9 - -5)/((-2)/4) + -4. What is the highest common factor of r and 76?
4
Suppose -308 = -4*t - 4*n, 0 = 3*t + n - 134 - 105. What is the highest common divisor of t and 81?
81
Let w = -207 + 210. What is the greatest common divisor of 123 and w?
3
Let h(l) = 53*l + 1. Suppose 2*q = 2*p, 3 = p + 2*q - 6. Let w be h(p). Let f be (3/(-2))/((-6)/w). What is the highest common factor of f and 5?
5
Suppose 0*a - a - 1 = 0. Let x = 5 - a. Suppose -o - 3*o = -12. Calculate the highest common factor of x and o.
3
Let h = -550 + 557. Calculate the greatest common factor of h and 21.
7
Let o(p) = -2*p**3 - 5*p**2 - 8*p - 8. Let r be o(-3). What is the greatest common factor of 325 and r?
25
Let h be (-4896)/(-14) - (-4)/14. Suppose 4*v = 222 + h. Suppose 0 = 5*a - p - v, 0 = -2*a - 4*p - 8 + 52. Calculate the greatest common divisor of 4 and a.
4
Let k = -709 - -1051. What is the greatest common factor of 3 and k?
3
Let w = 18 - 13. Suppose -7 = -w*f - 22. Let c be 0 + (60/4 - f). What is the greatest common divisor of 2 and c?
2
Let u(q) = -q**3 - 9*q**2 + 11*q + 1. Let b be u(-10). Let x be 2/((-2)/b*3). What is the highest common divisor of x and 9?
3
Let z be (-6 - (-264)/40)/(4/600). Suppose -2*t + 1 + 9 = 0. Calculate the highest common factor of z and t.
5
Let w(g) = g**2 + 14*g - 54. Let d be w(-20). What is the highest common divisor of d and 99?
33
Suppose h = 14 + 19. Let n = h - 5. Suppose 4*g - 2*g - 202 = -f, -5*f - 4*g + 992 = 0. What is the highest common factor of f and n?
28
Suppose -22*y + 1037 + 569 = 0. What is the greatest common divisor of 2993 and y?
73
Let r(f) = -2*f**3 + 10*f**2 + 15*f - 15. Let t be r(6). Suppose 21 - 1 = 5*b. Suppose b*p = 3 + 1. Calculate the highest common factor of t and p.
1
Let b be 64/6 + 38/(-57). What is the highest common factor of b and 2230?
10
Suppose -2*u + 4*j + 61 = -j, 5*u - 169 = -4*j. Let y = 20 + u. Calculate the greatest common factor of y and 159.
53
Suppose h - 768 = -264. Suppose -75*z - h = -78*z. Calculate the greatest common factor of 21 and z.
21
Let v = 7 - 0. Suppose -v*s + 2*s + 480 = 0. Let c be 3*(-2 - s/(-9)). What is the greatest common factor of 39 and c?
13
Let j(r) = -2*r**3 - 3*r**2 + r - 34. Let v be j(-4). Calculate the highest common factor of 42 and v.
42
Let q(n) = 70*n**2 + n + 1. Let w be -1*1/3*3. Let h be q(w). Calculate the greatest common divisor of h and 10.
10
Suppose -5*b - m = -3*m - 111, 77 = 3*b + 4*m. What is the greatest common factor of b and 115?
23
Let c be 2*(-1)/2*-29. Suppose 10*p + 2 = 12*p. Let z be 33*p + (-4)/1. Calculate the greatest common divisor of z and c.
29
Suppose -3*v - 28 = -z + 7, 3*z - 65 = v. Suppose 3*m - 4*g - 524 = 0, -8*m + 4*m - 3*g + 732 = 0. What is the greatest common divisor of z and m?
20
Let y = -1664 + 2384. Suppose -y = 135*k - 140*k. What is the highest common divisor of 16 and k?
16
Let g = -2281 + 3060. What is the greatest common factor of g and 41?
41
Suppose -3*j - 3*j + 396 = 0. Let b be (-7 - -11)/(4/j). Calculate the highest common factor of b and 6.
